s 82803731995 prime?
False
Is 216474029 a prime number?
True
Is 108085091963 prime?
False
Is 5557301081 a prime number?
True
Is 394646341 prime?
False
Is 93898113629 a composite number?
False
Is 2395900517 composite?
False
Is 363659587 a composite number?
True
Is 5621029951 composite?
True
Is 31460379943 a composite number?
True
Is 65517937081 a prime number?
True
Is 18414478129 prime?
False
Is 263845507363 prime?
False
Is 2040520739 a prime number?
False
Is 11078304047 a composite number?
True
Is 4096925933 a prime number?
True
Is 437218435 prime?
False
Is 589520753 a composite number?
False
Is 5112430187 composite?
True
Is 7470765637 prime?
True
Is 56213845 prime?
False
Is 3614134397 a prime number?
False
Is 15865397659 a composite number?
False
Is 2955576121 a composite number?
False
Is 7445306357 composite?
True
Is 20189717351 a composite number?
False
Is 1901585837 prime?
False
Is 5376901 prime?
False
Is 39144245015 a prime number?
False
Is 282833071 a composite number?
False
Is 2584290323 a composite number?
False
Is 722679557 composite?
True
Is 2842403503 composite?
True
Is 2531942239 composite?
False
Is 12285451 a composite number?
False
Is 408373661 a composite number?
True
Is 3290901997 composite?
False
Is 439191317 composite?
False
Is 12712328821 prime?
True
Is 1361047967 a prime number?
False
Is 2199839197 composite?
True
Is 766748293 composite?
False
Is 311914931 prime?
False
Is 25416499 composite?
True
Is 664456299295 a composite number?
True
Is 7239685763 composite?
False
Is 87577402457 prime?
True
Is 3508205249 a prime number?
False
Is 1059154547 a composite number?
True
Is 4385043583 prime?
False
Is 14374751533 prime?
True
Is 197164687 a composite number?
False
Is 1525643227 prime?
True
Is 891504919 prime?
False
Is 44007572719 composite?
True
Is 6422350889 a prime number?
True
Is 3005809927 composite?
False
Is 11837453 a composite number?
False
Is 142700271089 a composite number?
True
Is 369814321 prime?
True
Is 13664019757 a prime number?
True
Is 4812228321 composite?
True
Is 19417560013 a composite number?
False
Is 49405584113 prime?
False
Is 5416024597 a composite number?
False
Is 35921652827 composite?
False
Is 58180636037 a composite number?
False
Is 178705835009 a prime number?
False
Is 2000617019 a composite number?
False
Is 267639730679 prime?
True
Is 355655263 composite?
False
Is 789779407 a composite number?
False
Is 74478839 a composite number?
False
Is 7407250037 a prime number?
False
Is 50834267597 a composite number?
False
Is 154028542 a prime number?
False
Is 14833900589 a composite number?
False
Is 1323167371 a composite number?
False
Is 2260423001 prime?
False
Is 2121014429 a composite number?
False
Is 155888171 prime?
True
Is 104721247 a composite number?
False
Is 4455178537 a prime number?
True
Is 657611671 prime?
False
Is 56460924281 a composite number?
False
Is 6204366313 a composite number?
False
Is 606289007 a prime number?
False
Is 1508466941 prime?
True
Is 12557924539 a composite number?
False
Is 50179769347 prime?
False
Is 4927800847 composite?
False
Is 698984459 prime?
True
Is 30363883993 a composite number?
False
Is 8539515137 prime?
False
Is 6404577431 prime?
False
Is 779108354 composite?
True
Is 8088742889 a composite number?
True
Is 5677903713 composite?
True
Is 33275048795 a composite number?
True
Is 451423169 composite?
False
Is 21955991123 prime?
False
Is 1342413922 a composite number?
True
Is 27164458343 composite?
True
Is 882421507 a prime number?
False
Is 1133203637 a prime number?
False
Is 4162780367 a composite number?
False
Is 61262679767 composite?
False
Is 24654078731 a composite number?
True
Is 5061134213 a composite number?
False
Is 10197258077 a prime number?
False
Is 10502357095 a prime number?
False
Is 29482900361 a composite number?
True
Is 1792009313 composite?
False
Is 3511773803 a composite number?
False
Is 767387983 composite?
False
Is 9657140993 composite?
False
Is 1978866398 a prime number?
False
Is 6007009927 a composite number?
False
Is 1702324847 prime?
True
Is 8661515711 a prime number?
False
Is 10223212861 prime?
False
Is 8505872227 composite?
False
Is 589613015 a composite number?
True
Is 39781534777 a prime number?
False
Is 8280014153 a prime number?
False
Is 3127325101 a prime number?
False
Is 17779690613 composite?
False
Is 7910256539 composite?
True
Is 36634428167 composite?
False
Is 14548413407 a prime number?
False
Is 587677627 a prime number?
True
Is 2907803867 a prime number?
True
Is 11376277487 a prime number?
True
Is 158611449271 composite?
True
Is 21886323397 a prime number?
True
Is 81456853495 a prime number?
False
Is 1817981749 composite?
True
Is 436894343 a prime number?
False
Is 1416106361 prime?
True
Is 591326731 a composite number?
True
Is 796226763 a prime number?
False
Is 45876043 a prime number?
True
Is 4503509999 prime?
True
Is 1060600529 prime?
True
Is 102885972563 composite?
True
Is 13140304883 a composite number?
False
Is 1022527417 a prime number?
False
Is 3504621867 a prime number?
False
Is 3597490293 prime?
False
Is 4280459149 a prime number?
False
Is 2306533967 a prime number?
True
Is 30110281671 composite?
True
Is 33849236987 a composite number?
True
Is 37386899553 a composite number?
True
Is 1999892879 a prime number?
True
Is 500148881 a composite number?
False
Is 1421933987 a prime number?
True
Is 1850342737 a prime number?
True
Is 16665984047 composite?
True
Is 1600580921 a composite number?
True
Is 19783636567 a composite number?
True
Is 32994247963 composite?
True
Is 470064733 prime?
False
Is 3479757823 a prime number?
True
Is 61860829 a composite number?
False
Is 40357328863 composite?
False
Is 2490861761 composite?
False
Is 98938261 a prime number?
True
Is 46753151993 a prime number?
False
Is 255824801191 a composite number?
False
Is 1742433521 a composite number?
False
Is 82840783 a composite number?
False
Is 91217280017 a composite number?
True
Is 156371479 prime?
False
Is 23125169 composite?
False
Is 19290916451 prime?
True
Is 53259574897 a prime number?
False
Is 4756859753 a composite number?
False
Is 107559482801 composite?
False
Is 9734803649 prime?
True
Is 2731936483 prime?
False
Is 1457461669 a prime number?
True
Is 18032969807 prime?
False
Is 38006471 prime?
False
Is 48599821001 prime?
False
Is 2111521207 a composite number?
True
Is 10619041607 a prime number?
True
Is 25945759641 a prime number?
False
Is 381974323 a prime number?
True
Is 18109432727 a prime number?
True
Is 5642392829 composite?
False
Is 14386703117 a composite number?
False
Is 206882959 prime?
True
Is 11100982799 a composite number?
True
Is 17872344923 a composite number?
False
Is 43769380831 prime?
False
Is 66430488833 composite?
False
Is 7337784299 a prime number?
True
Is 40440271499 composite?
False
Is 3019944581 a prime number?
True
Is 22965002171 prime?
False
Is 813736139 a prime number?
True
Is 21001692253 prime?
True
Is 68154710423 a prime number?
False
Is 62237681323 a prime number?
True
Is 1177874377 a composite number?
False
Is 743633203 composite?
True
Is 1406607053 a composite number?
False
Is 155070869 a composite number?
True
Is 19351091629 prime?
True
Is 385911731 a prime number?
True
Is 15993491 composite?
True
Is 14428045273 a composite number?
False
Is 3433501831 a composite number?
True
Is 63665677843 a prime number?
True
Is 282617287 composite?
True
Is 53277839 composite?
False
Is 1361695579 composite?
False
Is 31625440991 a prime number?
True
Is 2750266691 a prime number?
True
Is 14276683574 a prime number?
False
Is 595117937 composite?
False
Is 8532918314 prime?
False
Is 110531483 composite?
False
Is 757067093 a prime number?
False
Is 76206504203 composite?
True
Is 263430301 a prime number?
False
Is 35151585187 a composite number?
False
Is 1099853761 a composite number?
True
Is 5037264413 a composite number?
False
Is 155142296917 prime?
True
Is 566183627 prime?
False
Is 1717602653 a prime number?
False
Is 11203048783 composite?
True
Is 8628669103 a composite number?
False
Is 728791201 composite?
False
Is 5206191751 a composite number?
False
Is 2736207983 composite?
False
Is 2098288079 a composite number?
True
Is 2672850031 composite?
False
Is 459384391 a composite number?
False
Is 282219281 a composite number?
False
Is 8473839926 